{"id":657,"date":"2021-05-07T15:48:06","date_gmt":"2021-05-07T18:48:06","guid":{"rendered":"http:\/\/72.29.84.86\/~isofio\/?page_id=657"},"modified":"2021-05-07T15:54:24","modified_gmt":"2021-05-07T18:54:24","slug":"papel-aramida","status":"publish","type":"page","link":"https:\/\/isofio.com.br\/?page_id=657","title":{"rendered":"Papel Aramida"},"content":{"rendered":"\t\t<div data-elementor-type=\"wp-page\" data-elementor-id=\"657\" class=\"elementor elementor-657\" data-elementor-settings=\"[]\">\n\t\t\t\t\t\t<div class=\"elementor-inner\">\n\t\t\t\t\t\t\t<div class=\"elementor-section-wrap\">\n\t\t\t\t\t\t\t<section class=\"elementor-section elementor-top-section elementor-element elementor-element-3ec5883e elementor-section-stretched elementor-section-boxed elementor-section-height-default elementor-section-height-default\" data-id=\"3ec5883e\" data-element_type=\"section\" data-settings=\"{&quot;stretch_section&quot;:&quot;section-stretched&quot;,&quot;background_background&quot;:&quot;slideshow&quot;,&quot;background_slideshow_gallery&quot;:[],&quot;background_slideshow_loop&quot;:&quot;yes&quot;,&quot;background_slideshow_slide_duration&quot;:5000,&quot;background_slideshow_slide_transition&quot;:&quot;fade&quot;,&quot;background_slideshow_transition_duration&quot;:500}\">\n\t\t\t\t\t\t<div class=\"elementor-container elementor-column-gap-default\">\n\t\t\t\t\t\t\t<div class=\"elementor-row\">\n\t\t\t\t\t<div class=\"elementor-column elementor-col-100 elementor-top-column elementor-element elementor-element-d3a8c75\" data-id=\"d3a8c75\" data-element_type=\"column\">\n\t\t\t<div class=\"elementor-column-wrap elementor-element-populated\">\n\t\t\t\t\t\t\t<div class=\"elementor-widget-wrap\">\n\t\t\t\t\t\t<div class=\"elementor-element elementor-element-57ea2a52 elementor-invisible elementor-widget elementor-widget-image\" data-id=\"57ea2a52\" data-element_type=\"widget\" data-settings=\"{&quot;_animation&quot;:&quot;zoomInDown&quot;}\" data-widget_type=\"image.default\">\n\t\t\t\t<div class=\"elementor-widget-container\">\n\t\t\t\t\t\t\t\t<div class=\"elementor-image\">\n\t\t\t\t\t\t\t\t\t\t\t\t<img loading=\"lazy\" decoding=\"async\" width=\"724\" height=\"1024\" src=\"https:\/\/isofio.com.br\/wp-content\/uploads\/2021\/05\/Especificacao-Aramidda-YT510-724x1024.jpg\" class=\"attachment-large size-large\" alt=\"\" srcset=\"https:\/\/isofio.com.br\/wp-content\/uploads\/2021\/05\/Especificacao-Aramidda-YT510-724x1024.jpg 724w, https:\/\/isofio.com.br\/wp-content\/uploads\/2021\/05\/Especificacao-Aramidda-YT510-212x300.jpg 212w, https:\/\/isofio.com.br\/wp-content\/uploads\/2021\/05\/Especificacao-Aramidda-YT510-768x1086.jpg 768w, https:\/\/isofio.com.br\/wp-content\/uploads\/2021\/05\/Especificacao-Aramidda-YT510-1086x1536.jpg 1086w, https:\/\/isofio.com.br\/wp-content\/uploads\/2021\/05\/Especificacao-Aramidda-YT510-1448x2048.jpg 1448w, https:\/\/isofio.com.br\/wp-content\/uploads\/2021\/05\/Especificacao-Aramidda-YT510-scaled.jpg 1810w\" sizes=\"auto, (max-width: 724px) 100vw, 724px\" \/>\t\t\t\t\t\t\t\t\t\t\t\t\t\t<\/div>\n\t\t\t\t\t\t<\/div>\n\t\t\t\t<\/div>\n\t\t\t\t<div class=\"elementor-element elementor-element-4d81717 elementor-invisible elementor-widget elementor-widget-image\" data-id=\"4d81717\" data-element_type=\"widget\" data-settings=\"{&quot;_animation&quot;:&quot;zoomInDown&quot;}\" data-widget_type=\"image.default\">\n\t\t\t\t<div class=\"elementor-widget-container\">\n\t\t\t\t\t\t\t\t<div class=\"elementor-image\">\n\t\t\t\t\t\t\t\t\t\t\t\t<img loading=\"lazy\" decoding=\"async\" width=\"1024\" height=\"718\" src=\"https:\/\/isofio.com.br\/wp-content\/uploads\/2021\/05\/certificate-for-ISOFIO-1024x718.jpg\" class=\"attachment-large size-large\" alt=\"\" srcset=\"https:\/\/isofio.com.br\/wp-content\/uploads\/2021\/05\/certificate-for-ISOFIO-1024x718.jpg 1024w, https:\/\/isofio.com.br\/wp-content\/uploads\/2021\/05\/certificate-for-ISOFIO-300x210.jpg 300w, https:\/\/isofio.com.br\/wp-content\/uploads\/2021\/05\/certificate-for-ISOFIO-768x539.jpg 768w, https:\/\/isofio.com.br\/wp-content\/uploads\/2021\/05\/certificate-for-ISOFIO-1536x1077.jpg 1536w, https:\/\/isofio.com.br\/wp-content\/uploads\/2021\/05\/certificate-for-ISOFIO-2048x1436.jpg 2048w\" sizes=\"auto, (max-width: 1024px) 100vw, 1024px\" \/>\t\t\t\t\t\t\t\t\t\t\t\t\t\t<\/div>\n\t\t\t\t\t\t<\/div>\n\t\t\t\t<\/div>\n\t\t\t\t\t\t<\/div>\n\t\t\t\t\t<\/div>\n\t\t<\/div>\n\t\t\t\t\t\t\t\t<\/div>\n\t\t\t\t\t<\/div>\n\t\t<\/section>\n\t\t\t\t<section class=\"elementor-section elementor-top-section elementor-element elementor-element-9e83503 elementor-section-boxed elementor-section-height-default elementor-section-height-default\" data-id=\"9e83503\" data-element_type=\"section\">\n\t\t\t\t\t\t<div class=\"elementor-container elementor-column-gap-default\">\n\t\t\t\t\t\t\t<div class=\"elementor-row\">\n\t\t\t\t\t<div class=\"elementor-column elementor-col-100 elementor-top-column elementor-element elementor-element-c59a09b\" data-id=\"c59a09b\" data-element_type=\"column\">\n\t\t\t<div class=\"elementor-column-wrap elementor-element-populated\">\n\t\t\t\t\t\t\t<div class=\"elementor-widget-wrap\">\n\t\t\t\t\t\t<div class=\"elementor-element elementor-element-2ebcbce elementor-widget elementor-widget-text-editor\" data-id=\"2ebcbce\" data-element_type=\"widget\" data-widget_type=\"text-editor.default\">\n\t\t\t\t<div class=\"elementor-widget-container\">\n\t\t\t\t\t\t\t\t<div class=\"elementor-text-editor elementor-clearfix\">\n\t\t\t\t\t<p style=\"text-align: center;\"><strong>ISOFIO IND\u00daSTRIA E COM\u00c9RCIO LTDA \u00c9 A PARCEIRA BRASILEIRA DE LAMINA\u00c7\u00c3O DA METASTAR.<\/strong><\/p>\t\t\t\t\t<\/div>\n\t\t\t\t\t\t<\/div>\n\t\t\t\t<\/div>\n\t\t\t\t\t\t<\/div>\n\t\t\t\t\t<\/div>\n\t\t<\/div>\n\t\t\t\t\t\t\t\t<\/div>\n\t\t\t\t\t<\/div>\n\t\t<\/section>\n\t\t\t\t\t\t<\/div>\n\t\t\t\t\t\t<\/div>\n\t\t\t\t\t<\/div>\n\t\t","protected":false},"excerpt":{"rendered":"<p>ISOFIO IND\u00daSTRIA E COM\u00c9RCIO LTDA \u00c9 A PARCEIRA BRASILEIRA DE LAMINA\u00c7\u00c3O DA METASTAR.<\/p>\n","protected":false},"author":1,"featured_media":373,"parent":0,"menu_order":0,"comment_status":"closed","ping_status":"closed","template":"","meta":{"footnotes":""},"class_list":["post-657","page","type-page","status-publish","has-post-thumbnail","hentry"],"yoast_head":"<!-- This site is optimized with the Yoast SEO plugin v17.7.1 - https:\/\/yoast.com\/wordpress\/plugins\/seo\/ -->\n<title>Papel Aramida -<\/title>\n<meta name=\"robots\" content=\"noindex, follow, max-snippet:-1, max-image-preview:large, max-video-preview:-1\" \/>\n<meta property=\"og:locale\" content=\"pt_BR\" \/>\n<meta property=\"og:type\" content=\"article\" \/>\n<meta property=\"og:title\" content=\"Papel Aramida -\" \/>\n<meta property=\"og:description\" content=\"ISOFIO IND\u00daSTRIA E COM\u00c9RCIO LTDA \u00c9 A PARCEIRA BRASILEIRA DE LAMINA\u00c7\u00c3O DA METASTAR.\" \/>\n<meta property=\"og:url\" content=\"https:\/\/isofio.com.br\/?page_id=657\" \/>\n<meta property=\"article:modified_time\" content=\"2021-05-07T18:54:24+00:00\" \/>\n<meta property=\"og:image\" content=\"https:\/\/isofio.com.br\/wp-content\/uploads\/2021\/02\/fundo1.jpg\" \/>\n\t<meta property=\"og:image:width\" content=\"1800\" \/>\n\t<meta property=\"og:image:height\" content=\"1200\" \/>\n<meta name=\"twitter:card\" content=\"summary_large_image\" \/>\n<script type=\"application\/ld+json\" class=\"yoast-schema-graph\">{\"@context\":\"https:\/\/schema.org\",\"@graph\":[{\"@type\":\"WebSite\",\"@id\":\"https:\/\/isofio.com.br\/#website\",\"url\":\"https:\/\/isofio.com.br\/\",\"name\":\"\",\"description\":\"\",\"potentialAction\":[{\"@type\":\"SearchAction\",\"target\":{\"@type\":\"EntryPoint\",\"urlTemplate\":\"https:\/\/isofio.com.br\/?s={search_term_string}\"},\"query-input\":\"required name=search_term_string\"}],\"inLanguage\":\"pt-BR\"},{\"@type\":\"ImageObject\",\"@id\":\"https:\/\/isofio.com.br\/?page_id=657#primaryimage\",\"inLanguage\":\"pt-BR\",\"url\":\"https:\/\/isofio.com.br\/wp-content\/uploads\/2021\/02\/fundo1.jpg\",\"contentUrl\":\"https:\/\/isofio.com.br\/wp-content\/uploads\/2021\/02\/fundo1.jpg\",\"width\":1800,\"height\":1200,\"caption\":\"Stone surface background\"},{\"@type\":\"WebPage\",\"@id\":\"https:\/\/isofio.com.br\/?page_id=657#webpage\",\"url\":\"https:\/\/isofio.com.br\/?page_id=657\",\"name\":\"Papel Aramida -\",\"isPartOf\":{\"@id\":\"https:\/\/isofio.com.br\/#website\"},\"primaryImageOfPage\":{\"@id\":\"https:\/\/isofio.com.br\/?page_id=657#primaryimage\"},\"datePublished\":\"2021-05-07T18:48:06+00:00\",\"dateModified\":\"2021-05-07T18:54:24+00:00\",\"breadcrumb\":{\"@id\":\"https:\/\/isofio.com.br\/?page_id=657#breadcrumb\"},\"inLanguage\":\"pt-BR\",\"potentialAction\":[{\"@type\":\"ReadAction\",\"target\":[\"https:\/\/isofio.com.br\/?page_id=657\"]}]},{\"@type\":\"BreadcrumbList\",\"@id\":\"https:\/\/isofio.com.br\/?page_id=657#breadcrumb\",\"itemListElement\":[{\"@type\":\"ListItem\",\"position\":1,\"name\":\"In\\u00edcio\",\"item\":\"https:\/\/isofio.com.br\/\"},{\"@type\":\"ListItem\",\"position\":2,\"name\":\"Papel Aramida\"}]}]}<\/script>\n<!-- \/ Yoast SEO plugin. -->","yoast_head_json":{"title":"Papel Aramida -","robots":{"index":"noindex","follow":"follow","max-snippet":"max-snippet:-1","max-image-preview":"max-image-preview:large","max-video-preview":"max-video-preview:-1"},"og_locale":"pt_BR","og_type":"article","og_title":"Papel Aramida -","og_description":"ISOFIO IND\u00daSTRIA E COM\u00c9RCIO LTDA \u00c9 A PARCEIRA BRASILEIRA DE LAMINA\u00c7\u00c3O DA METASTAR.","og_url":"https:\/\/isofio.com.br\/?page_id=657","article_modified_time":"2021-05-07T18:54:24+00:00","og_image":[{"width":1800,"height":1200,"url":"https:\/\/isofio.com.br\/wp-content\/uploads\/2021\/02\/fundo1.jpg","type":"image\/jpeg"}],"twitter_card":"summary_large_image","schema":{"@context":"https:\/\/schema.org","@graph":[{"@type":"WebSite","@id":"https:\/\/isofio.com.br\/#website","url":"https:\/\/isofio.com.br\/","name":"","description":"","potentialAction":[{"@type":"SearchAction","target":{"@type":"EntryPoint","urlTemplate":"https:\/\/isofio.com.br\/?s={search_term_string}"},"query-input":"required name=search_term_string"}],"inLanguage":"pt-BR"},{"@type":"ImageObject","@id":"https:\/\/isofio.com.br\/?page_id=657#primaryimage","inLanguage":"pt-BR","url":"https:\/\/isofio.com.br\/wp-content\/uploads\/2021\/02\/fundo1.jpg","contentUrl":"https:\/\/isofio.com.br\/wp-content\/uploads\/2021\/02\/fundo1.jpg","width":1800,"height":1200,"caption":"Stone surface background"},{"@type":"WebPage","@id":"https:\/\/isofio.com.br\/?page_id=657#webpage","url":"https:\/\/isofio.com.br\/?page_id=657","name":"Papel Aramida -","isPartOf":{"@id":"https:\/\/isofio.com.br\/#website"},"primaryImageOfPage":{"@id":"https:\/\/isofio.com.br\/?page_id=657#primaryimage"},"datePublished":"2021-05-07T18:48:06+00:00","dateModified":"2021-05-07T18:54:24+00:00","breadcrumb":{"@id":"https:\/\/isofio.com.br\/?page_id=657#breadcrumb"},"inLanguage":"pt-BR","potentialAction":[{"@type":"ReadAction","target":["https:\/\/isofio.com.br\/?page_id=657"]}]},{"@type":"BreadcrumbList","@id":"https:\/\/isofio.com.br\/?page_id=657#breadcrumb","itemListElement":[{"@type":"ListItem","position":1,"name":"In\u00edcio","item":"https:\/\/isofio.com.br\/"},{"@type":"ListItem","position":2,"name":"Papel Aramida"}]}]}},"_links":{"self":[{"href":"https:\/\/isofio.com.br\/index.php?rest_route=\/wp\/v2\/pages\/657","targetHints":{"allow":["GET"]}}],"collection":[{"href":"https:\/\/isofio.com.br\/index.php?rest_route=\/wp\/v2\/pages"}],"about":[{"href":"https:\/\/isofio.com.br\/index.php?rest_route=\/wp\/v2\/types\/page"}],"author":[{"embeddable":true,"href":"https:\/\/isofio.com.br\/index.php?rest_route=\/wp\/v2\/users\/1"}],"replies":[{"embeddable":true,"href":"https:\/\/isofio.com.br\/index.php?rest_route=%2Fwp%2Fv2%2Fcomments&post=657"}],"version-history":[{"count":7,"href":"https:\/\/isofio.com.br\/index.php?rest_route=\/wp\/v2\/pages\/657\/revisions"}],"predecessor-version":[{"id":669,"href":"https:\/\/isofio.com.br\/index.php?rest_route=\/wp\/v2\/pages\/657\/revisions\/669"}],"wp:featuredmedia":[{"embeddable":true,"href":"https:\/\/isofio.com.br\/index.php?rest_route=\/wp\/v2\/media\/373"}],"wp:attachment":[{"href":"https:\/\/isofio.com.br\/index.php?rest_route=%2Fwp%2Fv2%2Fmedia&parent=657"}],"curies":[{"name":"wp","href":"https:\/\/api.w.org\/{rel}","templated":true}]}}